he hundreds digit of 7505?
5
What is the hundreds digit of 40455?
4
What is the thousands digit of 36438?
6
What is the tens digit of 1074?
7
What is the units digit of 716?
6
What is the hundreds digit of 1622?
6
What is the tens digit of 6104?
0
What is the tens digit of 20891?
9
What is the thousands digit of 5098?
5
What is the units digit of 1963?
3
What is the hundreds digit of 3781?
7
What is the hundreds digit of 7520?
5
What is the tens digit of 38583?
8
What is the thousands digit of 4635?
4
What is the tens digit of 1909?
0
What is the units digit of 3067?
7
What is the hundreds digit of 109?
1
What is the tens digit of 1292?
9
What is the hundreds digit of 9495?
4
What is the ten thousands digit of 17640?
1
What is the thousands digit of 26285?
6
What is the units digit of 23276?
6
What is the thousands digit of 64012?
4
What is the thousands digit of 29995?
9
What is the thousands digit of 3736?
3
What is the thousands digit of 4685?
4
What is the units digit of 12357?
7
What is the tens digit of 6352?
5
What is the hundreds digit of 13487?
4
What is the tens digit of 505?
0
What is the hundreds digit of 424?
4
What is the units digit of 16998?
8
What is the ten thousands digit of 10536?
1
What is the units digit of 4609?
9
What is the tens digit of 3506?
0
What is the tens digit of 697?
9
What is the units digit of 17860?
0
What is the tens digit of 220?
2
What is the tens digit of 1137?
3
What is the hundreds digit of 59811?
8
What is the hundreds digit of 472?
4
What is the tens digit of 9110?
1
What is the units digit of 19488?
8
What is the hundreds digit of 19059?
0
What is the thousands digit of 1220?
1
What is the hundreds digit of 4102?
1
What is the tens digit of 22855?
5
What is the tens digit of 375?
7
What is the thousands digit of 4075?
4
What is the tens digit of 32688?
8
What is the thousands digit of 2395?
2
What is the thousands digit of 1051?
1
What is the tens digit of 733?
3
What is the hundreds digit of 34746?
7
What is the thousands digit of 12328?
2
What is the thousands digit of 6613?
6
What is the hundreds digit of 5665?
6
What is the tens digit of 3179?
7
What is the tens digit of 5009?
0
What is the thousands digit of 3425?
3
What is the ten thousands digit of 38782?
3
What is the units digit of 5869?
9
What is the ten thousands digit of 29710?
2
What is the tens digit of 3818?
1
What is the hundreds digit of 6255?
2
What is the hundreds digit of 910?
9
What is the units digit of 1908?
8
What is the thousands digit of 68442?
8
What is the thousands digit of 1851?
1
What is the hundreds digit of 4515?
5
What is the tens digit of 4477?
7
What is the units digit of 9681?
1
What is the thousands digit of 1145?
1
What is the tens digit of 1383?
8
What is the thousands digit of 2170?
2
What is the units digit of 6129?
9
What is the hundred thousands digit of 101185?
1
What is the hundreds digit of 1543?
5
What is the hundreds digit of 5838?
8
What is the tens digit of 606?
0
What is the tens digit of 66281?
8
What is the units digit of 287?
7
What is the units digit of 2919?
9
What is the units digit of 2934?
4
What is the hundreds digit of 17006?
0
What is the thousands digit of 2713?
2
What is the hundreds digit of 952?
9
What is the tens digit of 3637?
3
What is the tens digit of 240?
4
What is the hundreds digit of 85426?
4
What is the tens digit of 819?
1
What is the hundreds digit of 42187?
1
What is the ten thousands digit of 50825?
5
What is the ten thousands digit of 30619?
3
What is the units digit of 274?
4
What is the hundreds digit of 2870?
8
What is the tens digit of 40355?
5
What is the units digit of 10249?
9
What is the units digit of 554?
4
What is the hundreds digit of 2773?
7
What is the tens digit of 76193?
9
What is the thousands digit of 29625?
9
What is the hundreds digit of 5688?
6
What is the thousands digit of 14172?
4
What is the hundreds digit of 4807?
8
What is the tens digit of 3115?
1
What is the tens digit of 1196?
9
What is the tens digit of 27151?
5
What is the thousands digit of 3938?
3
What is the hundreds digit of 819?
8
What is the tens digit of 326?
2
What is the tens digit of 6449?
4
What is the thousands digit of 55252?
5
What is the tens digit of 13926?
2
What is the hundred thousands digit of 111373?
1
What is the tens digit of 2973?
7
What is the hundreds digit of 13193?
1
What is the hundreds digit of 17530?
5
What is the tens digit of 72470?
7
What is the units digit of 478?
8
What is the hundreds digit of 12292?
2
What is the tens digit of 2146?
4
What is the units digit of 36608?
8
What is the tens digit of 85502?
0
What is the tens digit of 481?
8
What is the hundreds digit of 200?
2
What is the units digit of 9584?
4
What is the tens digit of 5728?
2
What is the hundreds digit of 1832?
8
What is the hundreds digit of 337?
3
What is the tens digit of 2431?
3
What is the thousands digit of 3600?
3
What is the ten thousands digit of 22757?
2
What is the thousands digit of 17237?
7
What is the tens digit of 30808?
0
What is the tens digit of 2807?
0
What is the tens digit of 94450?
5
What is the thousands digit of 13160?
3
What is the thousands digit of 142033?
2
What is the thousands digit of 1387?
1
What is the tens digit of 4876?
7
What is the hundreds digit of 833?
8
What is the units digit of 52906?
6
What is the hundreds digit of 78907?
9
What is the ten thousands digit of 26205?
2
What is the hundreds digit of 1276?
2
What is the hundreds digit of 2976?
9
What is the thousands digit of 4546?
4
What is the hundreds digit of 1964?
9
What is the tens digit of 962?
6
What is the thousands digit of 9278?
9
What is the tens digit of 2329?
2
What is the thousands digit of 9848?
9
What is the units digit of 11041?
1
What is the tens digit of 7970?
7
What is the hundreds digit of 679?
6
What is the ten thousands digit of 30191?
3
What is the hundreds digit of 20240?
2
What is the tens digit of 798?
9
What is the hundreds digit of 10187?
1
What is the ten thousands digit of 30837?
3
What is the thousands digit of 3631?
3
What is the units digit of 2374?
4
What is the thousands digit of 83329?
3
What is the units digit of 2704?
4
What is the units digit of 720?
0
What is the hundreds digit of 686?
6
What is the hundreds digit of 3626?
6
What is the hundreds digit of 28064?
0
What is the tens digit of 3532?
3
What is the tens digit of 104175?
7
What is the units digit of 10914?
4
What is the hundreds digit of 8886?
8
What is the thousands digit of 28720?
8
What is the thousands digit of 1546?
1
What is the units digit of 1235?
5
What is the tens digit of 24407?
0
What is the tens digit of 5157?
5
What is the tens digit of 36951?
5
What is the hundreds digit of 36563?
5
What is the units digit of 2999?
9
What is the ten thousands digit of 21250?
2
What is the tens digit of 13619?
1
What is the tens digit of 918?
1
What is the thousands digit of 2740?
2
What is the ten thousands digit of 10585?
1
What is the tens digit of 678?
7
What is the hundred thousands digit of 120200?
1
What is the thousands digit of 3843?
3
What is the thousands digit of 3714?
3
What is the units digit of 13708?
8
What is the units digit of 11851?
1
What is the hundreds digit of 12734?
7
What is the thousands digit of 4495?
4
What is the hundreds digit of 243?
2
What is the units digit of 1934?
4
What is the units digit of 27645?
5
What is the units digit of 7051?
1
What is the thousands digit of 3026?
3
What is the tens digit of 504?
0
What is the thousands digit of 19634?
9
What is the units digit of 5283?
3
What is the thousands digit of 7445?
7
What is the tens digit of 1150?
5
What is the hundreds digit of 365?
3
What is the tens digit of 2811?
1
What is the hundreds digit of 21852?
8
What is the thousands digit of 142272?
2
What is the thousands digit of 1323?
1
What is the units digit of 2036?
6
What is the units digit of 9146?
6
What is the tens digit of 2065?
6
What is the hundreds digit of 143?
1
What is the thousands digit of 1019?
1
What is the thousands digit of 13365?
3
What is the thousands digit of 7300?
7
What is the hundreds digit of 82911?
9
What is the thousands digit of 5983?
5
What is the units digit of 449?
9
What is the hundred thousands digit of 119028?
1
What is th